01320 - -210123223?
202121303
In base 7, what is -143 - -1062?
616
In base 10, what is 358358 - 114?
358244
In base 6, what is 1011140310 - 10?
1011140300
In base 2, what is 1000001001101111001100000 - 101?
1000001001101111001011011
In base 5, what is -242030240 + -3443?
-242034233
In base 13, what is b35c - -35?
b394
In base 16, what is -17a5da5 - 1?
-17a5da6
In base 12, what is -2b05b487 - -1?
-2b05b486
In base 10, what is -10 - -4865748?
4865738
In base 4, what is -11311113 + 221?
-11310232
In base 4, what is 212122031 - 203202?
211312223
In base 6, what is 125155240000 + -2?
125155235554
In base 6, what is -13225 - -1141112?
1123443
In base 13, what is 76 - -626c9?
62772
In base 16, what is -15 - -1032019?
1032004
In base 8, what is -431760721 + 3?
-431760716
In base 2, what is -100 - 11011010101110100110?
-11011010101110101010
In base 7, what is -32 + 21014365?
21014333
In base 3, what is 1001001100021100201 + -12?
1001001100021100112
In base 13, what is 28b22a01 + 4?
28b22a05
In base 6, what is 342103031 + 13?
342103044
In base 5, what is -33142200 - -1103?
-33141042
In base 4, what is 111103020200000 - 1?
111103020133333
In base 7, what is -5 + 154601565?
154601560
In base 2, what is -100000001001 - -100001110?
-11011111011
In base 13, what is 9957663 + -2?
9957661
In base 6, what is 2 + -10125520134?
-10125520132
In base 2, what is -100000111100110001010 - -1010?
-100000111100110000000
In base 3, what is 0 + -1100022101001120?
-1100022101001120
In base 11, what is -2 + -55889a9?
-5588a00
In base 4, what is 3 + 13031032030?
13031032033
In base 7, what is 21262216 - -114?
21262333
In base 2, what is 1000010111 - -10010111111111?
10100000010110
In base 14, what is 1846 + -5aa?
127a
In base 9, what is -54784535 + -1?
-54784536
In base 12, what is 7988870 + 3?
7988873
In base 6, what is -3 + -1512445104?
-1512445111
In base 7, what is 144152 - 2201?
141651
In base 15, what is -860b2 + e2?
-85ec0
In base 7, what is 15 + -5210130?
-5210112
In base 14, what is 75 - -2971a?
29791
In base 12, what is 2 - 27522774?
-27522772
In base 10, what is 3603 - -324?
3927
In base 7, what is -31363114 + -301?
-31363415
In base 15, what is 5 + -1265a3?
-12659d
In base 7, what is 4312 - 133341?
-126026
In base 8, what is -41240357 + 17?
-41240340
In base 12, what is -3b538430 - 3?
-3b538433
In base 14, what is 105 - d22a4?
-d219d
In base 8, what is 11 + 137432?
137443
In base 8, what is 220602 + 2066?
222670
In base 5, what is 224420 - -123044?
403014
In base 11, what is -3622796 + 4?
-3622792
In base 6, what is -30 - -2015225?
2015155
In base 5, what is -1033310344411 - -4?
-1033310344402
In base 16, what is 188 + 9e1?
b69
In base 7, what is -6636 + -514336?
-524305
In base 7, what is 63101 - -312?
63413
In base 10, what is -797497357 + -1?
-797497358
In base 12, what is 58b - -6355?
6924
In base 16, what is 41ec3fd - 9?
41ec3f4
In base 11, what is -13096811 - 4?
-13096815
In base 16, what is 6a051 - -188?
6a1d9
In base 2, what is 101 - 1011100011110011000111?
-1011100011110011000010
In base 8, what is -4056140 - 0?
-4056140
In base 6, what is 5 + -250000554?
-250000545
In base 10, what is -7242 + 2320?
-4922
In base 15, what is -208a92 + 71?
-208a21
In base 13, what is 10b2c5 - -30?
10b325
In base 10, what is -521379 - -9?
-521370
In base 7, what is -2242506216 + -1?
-2242506220
In base 13, what is 1bcca - -5502?
244cc
In base 6, what is -33551 - 525005?
-1003000
In base 7, what is -4 - 233246643?
-233246650
In base 3, what is 21022120112 - -200202?
21100021021
In base 15, what is -1 - -48e0e0?
48e0de
In base 7, what is 1 - 33405105?
-33405104
In base 3, what is -21120 + 212111220?
212020100
In base 9, what is 32867 - -507?
33475
In base 5, what is 10 + 2244342130?
2244342140
In base 7, what is 22320 + -15340?
3650
In base 15, what is -1d678 - 364?
-1d9dc
In base 3, what is -112100212021 + 120120?
-112100021201
In base 9, what is 17 - 13702502?
-13702474
In base 6, what is -4 - -10314132352?
10314132344
In base 11, what is 10476 - -127?
105a2
In base 11, what is 980 - -1633?
2503
In base 12, what is 35167001 - 1?
35167000
In base 4, what is 3002 - 331102211?
-331033203
In base 6, what is -32340002 + 21?
-32335541
In base 14, what is 1cb - 14ddb?
-14c10
In base 3, what is 12110012200011012 - -10?
12110012200011022
In base 4, what is -100132 + -1322303?
-2023101
In base 13, what is -c06cb - 43?
-c0741
In base 8, what is -1 + 575302?
575301
In base 8, what is -4457042 - -15?
-4457025
In base 4, what is -321111001011 - -2?
-321111001003
In base 10, what is -61360 + 370?
-60990
In base 16, what is -3a28e62 - 1?
-3a28e63
In base 6, what is -310330035 - 12?
-310330051
In base 9, what is 88804352 + -7?
88804344
In base 6, what is -4 + 42340224?
42340220
In base 14, what is 67d00 - 551?
6778d
In base 13, what is 172 - 414c2?
-41350
In base 11, what is -5 - 453aa85?
-453aa8a
In base 8, what is 317737 + 224?
320163
In base 5, what is -10124 - -2013?
-3111
In base 8, what is -50 + -10037075?
-10037145
In base 2, what is 11011110 + 100000010101011000010?
100000010101110100000
In base 10, what is 88794 + 1068?
89862
In base 7, what is -3 - 411323436?
-411323442
In base 8, what is -5475 + -1641?
-7336
In base 8, what is 6024030 + 10?
6024040
In base 14, what is -3 - 293023a8?
-293023ab
In base 11, what is 329a2878 - -7?
329a2884
In base 14, what is -63 - -19?
-48
In base 11, what is -19 - 9362744?
-9362762
In base 2, what is -1000001111101001000011110 - -101?
-1000001111101001000011001
In base 14, what is -a02 - 491b1?
-49bb3
In base 2, what is -11 + -1000101101010100001110101101?
-1000101101010100001110110000
In base 12, what is 3a + -82220?
-821a2
In base 16, what is -23 - 3696ab?
-3696ce
In base 16, what is 11fe + -35?
11c9
In base 12, what is 13a0322 + -20?
13a0302
In base 13, what is -7099 + aa?
-6cbc
In base 14, what is 1978 + b03?
267b
In base 14, what is -22 + 883d0c?
883cca
In base 2, what is -1101100 + 11110011001010111111100?
11110011001010110010000
In base 4, what is -2 + 11221100111?
11221100103
In base 13, what is 495725c - 5?
4957257
In base 7, what is 166 - 62541?
-62342
In base 9, what is 21263 - -280?
21553
In base 6, what is -34 + 30325255?
30325221
In base 10, what is -3 - -368852?
368849
In base 16, what is -2 - 2ab3c3?
-2ab3c5
In base 13, what is -16a474a - -11?
-16a4739
In base 4, what is -333 - 123330122021?
-123330123020
In base 15, what is 3d58db - 3?
3d58d8
In base 4, what is -121330222012301 + 1?
-121330222012300
In base 16, what is 2c6a2f4 - 0?
2c6a2f4
In base 12, what is 1596 + -233?
1363
In base 15, what is 24a5 + 2699?
4b4e
In base 3, what is -202 - -121120100020211?
121120100020002
In base 13, what is -b210a2 + 12?
-b21090
In base 4, what is 1111223022001012 + -10?
1111223022001002
In base 14, what is -359 + -b77c?
-bad7
In base 11, what is 2993041 - -14?
2993055
In base 16, what is 661d + -1d8?
6445
In base 7, what is -120603551 + 4?
-120603544
In base 11, what is 4891 + -10a27?
-7146
In base 13, what is -13356 + -291b?
-15c74
In base 15, what is -477e5 - -54?
-47791
In base 4, what is 11033232012 - -3?
11033232021
In base 10, what is 1522522 - 0?
1522522
In base 8, what is -5 + 10141226?
10141221
In base 4, what is -200323 + 121133300?
120332311
In base 12, what is aa82 + 6b1?
b573
In base 9, what is 18844 + -3042?
15802
In base 5, what is 441420433 - -2?
441420440
In base 3, what is -20012 - 21222111012?
-21222201101
In base 16, what is -3 + 1008229e?
1008229b
In base 5, what is 4 - 40142220102?
-40142220043
In base 3, what is -10000 + -10222002?
-11002002
In base 7, what is -4 - 111130202?
-111130206
In base 5, what is -10 + 1440212143?
1440212133
In base 2, what is -10 - 1010110011001110011000011110?
-1010110011001110011000100000
In base 16, what is 458a - 118?
4472
In base 11, what is 288 + 18a80?
19258
In base 15, what is 6c - 168291?
-168224
In base 11, what is -7 - 5a9710?
-5a9717
In base 8, what is -134065204 - -1?
-134065203
In base 15, what is 38a6aa4 - -3?
38a6aa7
In base 13, what is 10c5727b - -3?
10c57281
In base 12, what is -319196 + -23?
-3191b9
In base 5, what is 203 - 3311041042?
-3311040334
In base 14, what is -7 - -53657?
53650
In base 5, what is -2032204112 + -11?
-2032204123
In base 11, what is 4 - -12698205?
12